{"id":1230,"date":"2022-01-18T12:14:02","date_gmt":"2022-01-18T11:14:02","guid":{"rendered":"https:\/\/diet-distribution.re\/lundi17bis\/?page_id=1230"},"modified":"2022-01-19T07:44:16","modified_gmt":"2022-01-19T06:44:16","slug":"service","status":"publish","type":"page","link":"https:\/\/diet-distribution.re\/lundi17bis\/service\/","title":{"rendered":"Mes service illustration"},"content":{"rendered":"\n<p>Elle travail sur mon iPad avec l\u2019application procreate et aussi au traditionnel au crayon de couleur \u00e0 l\u2019aquarelle , ses principaux domaines d\u2019intervention sont la publicit\u00e9 l\u2019\u00e9dition et le web , je peut prendre \u00e9galement des requ\u00eates personnalis\u00e9es&nbsp;<\/p>\n\n\n\n<p>Instagram&nbsp;<\/p>\n\n\n\n<p>Hi\u2728<\/p>\n\n\n\n<p>J\u2019ai laiss\u00e9 mon esprit faire des \ud83c\udf0a&nbsp;<\/p>\n\n\n\n<p>Des #croquis \u270d\ufe0f \u00e0 l\u2019aquarelle et feutre noire&nbsp;<\/p>\n\n\n\n<p>\u2728\u2796\u2796\u2796\u2796\u2796\u2796\u2728\u2796\u2796\u2796\u2796\u2796\u2796\u2796\u2728\u2796\u2796\u2796\u2796\u2796\u2796\u2796\u2728\u2796\u2796\u2796\u2796\u2796\u2796\u2728<\/p>\n\n\n\n<p>#croquis #sketchbookdrawing #aquarelle #croquiscarnet #feutrenoire #graphique #dessin #myart #doodle #traditionelart&nbsp;<\/p>\n\n\n\n<p>En ce moment elle travail sur l\u2019auto-\u00e9dition de son webcomic et le vendre sur \u00e7a boutiques mes service mais aussi ces illustration unique une fois tous les deux mois\u00a0<\/p>\n\n\n\n<p><a href=\"https:\/\/www.harpygee.com\">https:\/\/www.harpygee.com<\/a><\/p>\n\n\n\n<figure class=\"wp-block-image size-large\"><a href=\"https:\/\/diet-distribution.re\/lundi17bis\/wp-content\/uploads\/2022\/01\/11C69D32-61DA-49FD-9175-B48A9F2D04CD.jpeg\"><img loading=\"lazy\" width=\"768\" height=\"1024\" src=\"https:\/\/diet-distribution.re\/lundi17bis\/wp-content\/uploads\/2022\/01\/11C69D32-61DA-49FD-9175-B48A9F2D04CD-768x1024.jpeg\" alt=\"Service croquis \" class=\"wp-image-1242\" srcset=\"https:\/\/diet-distribution.re\/lundi17bis\/wp-content\/uploads\/2022\/01\/11C69D32-61DA-49FD-9175-B48A9F2D04CD-768x1024.jpeg 768w, https:\/\/diet-distribution.re\/lundi17bis\/wp-content\/uploads\/2022\/01\/11C69D32-61DA-49FD-9175-B48A9F2D04CD-225x300.jpeg 225w, https:\/\/diet-distribution.re\/lundi17bis\/wp-content\/uploads\/2022\/01\/11C69D32-61DA-49FD-9175-B48A9F2D04CD-1152x1536.jpeg 1152w, https:\/\/diet-distribution.re\/lundi17bis\/wp-content\/uploads\/2022\/01\/11C69D32-61DA-49FD-9175-B48A9F2D04CD-1536x2048.jpeg 1536w, https:\/\/diet-distribution.re\/lundi17bis\/wp-content\/uploads\/2022\/01\/11C69D32-61DA-49FD-9175-B48A9F2D04CD.jpeg 1620w\" sizes=\"(max-width: 768px) 100vw, 768px\" \/><\/a><figcaption>Service croquis <\/figcaption><\/figure>\n\n\n\n<h2>Que peut on trouver ? Service  <\/h2>\n\n\n\n<p>Vous pouvez y trouver ici les illustrations compl\u00e8tes, des croquis , du character design au background illustration  mais aussi les pages de son webcomic&nbsp; \u201cMely et compagnie\u201d .Une jeune fille et ses amis voient leur quotidien perturb\u00e9 par  mes service une sorci\u00e8re qui voulait juste qu\u2019on lui d\u00e9place un meuble <\/p>\n\n\n\n<p>Community manager :<\/p>\n\n\n\n<ul><li>Un m\u00e9tier de gestion de communaut\u00e9 autour d\u2019un int\u00e9r\u00eat commun&nbsp;mes services <\/li><li>&nbsp;d\u2019animer des \u00e9change en commentaire&nbsp;<\/li><li>&nbsp;d\u00e9velopper la pr\u00e9sence de l\u2019entreprise qu\u2019elle repr\u00e9sente&nbsp;<\/li><li>&nbsp;Faire&nbsp; respecter les r\u00e8gles de bonne conduite&nbsp;<\/li><\/ul>\n\n\n\n<p>Caract\u00e9ristique :\u00a0<\/p>\n\n\n\n<p>\u25fb\ufe0f&nbsp; &nbsp; Bonjour \ud83d\udc4b&nbsp;<\/p>\n\n\n\n<p>\u2728<strong>Djaz art <\/strong>&nbsp;art vous souhaite une&nbsp; Bonn Ann\u00e9e \ud83c\udf89et Bonn Sant\u00e9 \ud83e\udd42&nbsp;<\/p>\n\n\n\n<p>\u2728Pour cette nouvelle ann\u00e9e nous vous proposons un nouveau design&nbsp;<\/p>\n\n\n\n<p>&nbsp;&nbsp;&nbsp;&nbsp;&nbsp;&nbsp;&nbsp;&nbsp;&nbsp;&nbsp;&nbsp;&nbsp;&nbsp;&nbsp;&nbsp;&nbsp;&nbsp;&nbsp;&nbsp;&nbsp;&nbsp;&nbsp;&nbsp;&nbsp;&nbsp;&nbsp;&nbsp;&nbsp;&nbsp;&nbsp;&nbsp;&nbsp;&nbsp;&nbsp;&nbsp;&nbsp;&nbsp;&nbsp;&nbsp;&nbsp;<strong><em>sp\u00e9cial mari\u00e9e <\/em><\/strong><strong><em>\ud83d\udc70\ud83c\udffe\u200d\u2640\ufe0f<\/em><\/strong><\/p>\n\n\n\n<p><strong><em>\ud83d\udcde0693 45 43 42<\/em><\/strong><\/p>\n\n\n\n<p><strong><em>\ud83d\udda5Hennespmariee@hotmail.com<\/em><\/strong><\/p>\n\n\n\n<p>#henn\u00e9 #bonneannee #2022 #sp\u00e9cialmari\u00e9e&nbsp;<\/p>\n\n\n\n<p>\u25ab\ufe0fHi \u2728<\/p>\n\n\n\n<p>J\u2019ai laiss\u00e9e mon imagination vagabonder dans mon carnet \ud83d\udcd2&nbsp;<\/p>\n\n\n\n<p>D\u00e9s dessin \u00e0 l&rsquo;aquarelle et au feutre noire \ud83c\udf0c<\/p>\n\n\n\n<p>Vous pouvez me retrouver sur Instagram avec des dessins <strong>exclusifs <\/strong>!!!&nbsp;<\/p>\n\n\n\n<p><strong><em>\u27a1\ufe0f@illusmelo<\/em><\/strong><\/p>\n\n\n\n<p>\u2796\u2796\u2796\u2b50\ufe0f\u2796\u2796\u2796\u2796\u2796\u2796\u2b50\ufe0f\u2796\u2796\u2796\u2796\u2796\u2796\u2b50\ufe0f\u2796\u2796\u2796\u2796\u2796\u2796\u2b50\ufe0f\u2796\u2796\u2796\u2796\u2796<\/p>\n\n\n\n<p>#croquis #sketchbookdrawing #aquarelle #croquiscarnet #feutrenoire #graphique #dessin #myart #doodle #traditionelart&nbsp;<\/p>\n\n\n\n<p>Instagram&nbsp;<\/p>\n\n\n\n<p>Hi\u2728<\/p>\n\n\n\n<p>J\u2019ai laiss\u00e9 mon esprit faire des \ud83c\udf0a&nbsp;<\/p>\n\n\n\n<p>Des #croquis \u270d\ufe0f \u00e0 l\u2019aquarelle et feutre noire&nbsp;<\/p>\n\n\n\n<p>\u2728\u2796\u2796\u2796\u2796\u2796\u2796\u2728\u2796\u2796\u2796\u2796\u2796\u2796\u2796\u2728\u2796\u2796\u2796\u2796\u2796\u2796\u2796\u2728\u2796\u2796\u2796\u2796\u2796\u2796\u2728<\/p>\n\n\n\n<p>#croquis #sketchbookdrawing #aquarelle #croquiscarnet #feutrenoire #graphique #dessin #myart #doodle #traditionelart&nbsp;<\/p>\n","protected":false},"excerpt":{"rendered":"<p>Elle travail sur mon iPad avec l\u2019application procreate et aussi au traditionnel au crayon de couleur \u00e0 l\u2019aquarelle , ses principaux domaines d\u2019intervention sont la publicit\u00e9 l\u2019\u00e9dition et le web &#8230;<\/p>\n","protected":false},"author":1,"featured_media":0,"parent":0,"menu_order":0,"comment_status":"closed","ping_status":"closed","template":"","meta":[],"yoast_head":"<!-- This site is optimized with the Yoast SEO plugin v17.9 - https:\/\/yoast.com\/wordpress\/plugins\/seo\/ -->\n<title>Mes service illustration - Illusmelo<\/title>\n<meta name=\"robots\" content=\"index, follow, max-snippet:-1, max-image-preview:large, max-video-preview:-1\" \/>\n<link rel=\"canonical\" href=\"https:\/\/diet-distribution.re\/lundi17bis\/service\/\" \/>\n<meta property=\"og:locale\" content=\"fr_FR\" \/>\n<meta property=\"og:type\" content=\"article\" \/>\n<meta property=\"og:title\" content=\"Mes service illustration - Illusmelo\" \/>\n<meta property=\"og:description\" content=\"Elle travail sur mon iPad avec l\u2019application procreate et aussi au traditionnel au crayon de couleur \u00e0 l\u2019aquarelle , ses principaux domaines d\u2019intervention sont la publicit\u00e9 l\u2019\u00e9dition et le web ...\" \/>\n<meta property=\"og:url\" content=\"https:\/\/diet-distribution.re\/lundi17bis\/service\/\" \/>\n<meta property=\"og:site_name\" content=\"Illusmelo\" \/>\n<meta property=\"article:modified_time\" content=\"2022-01-19T06:44:16+00:00\" \/>\n<meta property=\"og:image\" content=\"https:\/\/diet-distribution.re\/lundi17bis\/wp-content\/uploads\/2022\/01\/11C69D32-61DA-49FD-9175-B48A9F2D04CD-768x1024.jpeg\" \/>\n<meta name=\"twitter:label1\" content=\"Dur\u00e9e de lecture estim\u00e9e\" \/>\n\t<meta name=\"twitter:data1\" content=\"2 minutes\" \/>\n<script type=\"application\/ld+json\" class=\"yoast-schema-graph\">{\"@context\":\"https:\/\/schema.org\",\"@graph\":[{\"@type\":\"WebSite\",\"@id\":\"https:\/\/diet-distribution.re\/lundi17bis\/#website\",\"url\":\"https:\/\/diet-distribution.re\/lundi17bis\/\",\"name\":\"Illusmelo\",\"description\":\"Un dessin qui vous fera r\\u00eaver \",\"potentialAction\":[{\"@type\":\"SearchAction\",\"target\":{\"@type\":\"EntryPoint\",\"urlTemplate\":\"https:\/\/diet-distribution.re\/lundi17bis\/?s={search_term_string}\"},\"query-input\":\"required name=search_term_string\"}],\"inLanguage\":\"fr-FR\"},{\"@type\":\"ImageObject\",\"@id\":\"https:\/\/diet-distribution.re\/lundi17bis\/service\/#primaryimage\",\"inLanguage\":\"fr-FR\",\"url\":\"https:\/\/diet-distribution.re\/lundi17bis\/wp-content\/uploads\/2022\/01\/11C69D32-61DA-49FD-9175-B48A9F2D04CD.jpeg\",\"contentUrl\":\"https:\/\/diet-distribution.re\/lundi17bis\/wp-content\/uploads\/2022\/01\/11C69D32-61DA-49FD-9175-B48A9F2D04CD.jpeg\",\"width\":1620,\"height\":2160,\"caption\":\"Service croquis\"},{\"@type\":\"WebPage\",\"@id\":\"https:\/\/diet-distribution.re\/lundi17bis\/service\/#webpage\",\"url\":\"https:\/\/diet-distribution.re\/lundi17bis\/service\/\",\"name\":\"Mes service illustration - Illusmelo\",\"isPartOf\":{\"@id\":\"https:\/\/diet-distribution.re\/lundi17bis\/#website\"},\"primaryImageOfPage\":{\"@id\":\"https:\/\/diet-distribution.re\/lundi17bis\/service\/#primaryimage\"},\"datePublished\":\"2022-01-18T11:14:02+00:00\",\"dateModified\":\"2022-01-19T06:44:16+00:00\",\"breadcrumb\":{\"@id\":\"https:\/\/diet-distribution.re\/lundi17bis\/service\/#breadcrumb\"},\"inLanguage\":\"fr-FR\",\"potentialAction\":[{\"@type\":\"ReadAction\",\"target\":[\"https:\/\/diet-distribution.re\/lundi17bis\/service\/\"]}]},{\"@type\":\"BreadcrumbList\",\"@id\":\"https:\/\/diet-distribution.re\/lundi17bis\/service\/#breadcrumb\",\"itemListElement\":[{\"@type\":\"ListItem\",\"position\":1,\"name\":\"Accueil\",\"item\":\"https:\/\/diet-distribution.re\/lundi17bis\/home\/\"},{\"@type\":\"ListItem\",\"position\":2,\"name\":\"Mes service illustration\"}]}]}<\/script>\n<!-- \/ Yoast SEO plugin. -->","yoast_head_json":{"title":"Mes service illustration - Illusmelo","robots":{"index":"index","follow":"follow","max-snippet":"max-snippet:-1","max-image-preview":"max-image-preview:large","max-video-preview":"max-video-preview:-1"},"canonical":"https:\/\/diet-distribution.re\/lundi17bis\/service\/","og_locale":"fr_FR","og_type":"article","og_title":"Mes service illustration - Illusmelo","og_description":"Elle travail sur mon iPad avec l\u2019application procreate et aussi au traditionnel au crayon de couleur \u00e0 l\u2019aquarelle , ses principaux domaines d\u2019intervention sont la publicit\u00e9 l\u2019\u00e9dition et le web ...","og_url":"https:\/\/diet-distribution.re\/lundi17bis\/service\/","og_site_name":"Illusmelo","article_modified_time":"2022-01-19T06:44:16+00:00","og_image":[{"url":"https:\/\/diet-distribution.re\/lundi17bis\/wp-content\/uploads\/2022\/01\/11C69D32-61DA-49FD-9175-B48A9F2D04CD-768x1024.jpeg"}],"twitter_misc":{"Dur\u00e9e de lecture estim\u00e9e":"2 minutes"},"schema":{"@context":"https:\/\/schema.org","@graph":[{"@type":"WebSite","@id":"https:\/\/diet-distribution.re\/lundi17bis\/#website","url":"https:\/\/diet-distribution.re\/lundi17bis\/","name":"Illusmelo","description":"Un dessin qui vous fera r\u00eaver ","potentialAction":[{"@type":"SearchAction","target":{"@type":"EntryPoint","urlTemplate":"https:\/\/diet-distribution.re\/lundi17bis\/?s={search_term_string}"},"query-input":"required name=search_term_string"}],"inLanguage":"fr-FR"},{"@type":"ImageObject","@id":"https:\/\/diet-distribution.re\/lundi17bis\/service\/#primaryimage","inLanguage":"fr-FR","url":"https:\/\/diet-distribution.re\/lundi17bis\/wp-content\/uploads\/2022\/01\/11C69D32-61DA-49FD-9175-B48A9F2D04CD.jpeg","contentUrl":"https:\/\/diet-distribution.re\/lundi17bis\/wp-content\/uploads\/2022\/01\/11C69D32-61DA-49FD-9175-B48A9F2D04CD.jpeg","width":1620,"height":2160,"caption":"Service croquis"},{"@type":"WebPage","@id":"https:\/\/diet-distribution.re\/lundi17bis\/service\/#webpage","url":"https:\/\/diet-distribution.re\/lundi17bis\/service\/","name":"Mes service illustration - Illusmelo","isPartOf":{"@id":"https:\/\/diet-distribution.re\/lundi17bis\/#website"},"primaryImageOfPage":{"@id":"https:\/\/diet-distribution.re\/lundi17bis\/service\/#primaryimage"},"datePublished":"2022-01-18T11:14:02+00:00","dateModified":"2022-01-19T06:44:16+00:00","breadcrumb":{"@id":"https:\/\/diet-distribution.re\/lundi17bis\/service\/#breadcrumb"},"inLanguage":"fr-FR","potentialAction":[{"@type":"ReadAction","target":["https:\/\/diet-distribution.re\/lundi17bis\/service\/"]}]},{"@type":"BreadcrumbList","@id":"https:\/\/diet-distribution.re\/lundi17bis\/service\/#breadcrumb","itemListElement":[{"@type":"ListItem","position":1,"name":"Accueil","item":"https:\/\/diet-distribution.re\/lundi17bis\/home\/"},{"@type":"ListItem","position":2,"name":"Mes service illustration"}]}]}},"_links":{"self":[{"href":"https:\/\/diet-distribution.re\/lundi17bis\/wp-json\/wp\/v2\/pages\/1230"}],"collection":[{"href":"https:\/\/diet-distribution.re\/lundi17bis\/wp-json\/wp\/v2\/pages"}],"about":[{"href":"https:\/\/diet-distribution.re\/lundi17bis\/wp-json\/wp\/v2\/types\/page"}],"author":[{"embeddable":true,"href":"https:\/\/diet-distribution.re\/lundi17bis\/wp-json\/wp\/v2\/users\/1"}],"replies":[{"embeddable":true,"href":"https:\/\/diet-distribution.re\/lundi17bis\/wp-json\/wp\/v2\/comments?post=1230"}],"version-history":[{"count":4,"href":"https:\/\/diet-distribution.re\/lundi17bis\/wp-json\/wp\/v2\/pages\/1230\/revisions"}],"predecessor-version":[{"id":1255,"href":"https:\/\/diet-distribution.re\/lundi17bis\/wp-json\/wp\/v2\/pages\/1230\/revisions\/1255"}],"wp:attachment":[{"href":"https:\/\/diet-distribution.re\/lundi17bis\/wp-json\/wp\/v2\/media?parent=1230"}],"curies":[{"name":"wp","href":"https:\/\/api.w.org\/{rel}","templated":true}]}}